- 67 = 3*v. Calculate the remainder when l is divided by x(-7).
19
What is the remainder when (-6)/(-1) - -26*(-1 + 4) is divided by 19?
8
Let n be ((-10)/(-3))/(10/15). Suppose 3*k + a + 115 = n*k, 4*a = -20. What is the remainder when k is divided by 7?
6
Let s = 414 - 398. Let x(b) = 4*b - b - 2*b + 1 + 12*b**2. What is the remainder when x(-2) is divided by s?
15
Suppose -2*r + 210 = -46*u + 50*u, r = 2*u + 105. Calculate the remainder when r is divided by 54.
51
Let y be -8 + (0 + -16)/(-4) - -7. What is the remainder when 61 is divided by (-98)/7*y/(-6)?
5
Suppose 8*b + 48 = 2*b. Let k = -65 + 111. What is the remainder when k is divided by ((-12)/b)/((-3)/(-34))?
12
Let q(g) be the second derivative of g**4/4 + 2*g**3/3 + g**2/2 + g. Suppose -934 = c - 997. What is the remainder when c is divided by q(-3)?
15
Let i(b) = 4*b**2 - 2*b - 2. Let m be 58/4*(-5 - (1 + 0)). Let z = m + 97. Calculate the remainder when i(3) is divided by z.
8
What is the remainder when (-5)/((-15)/(-12)) - -1788 is divided by 21?
20
Let f(c) = 3*c - 13. Let x be f(6). Suppose 7*m - s - 65 = x*m, 0 = -2*m - 4*s + 70. Calculate the remainder when 262 is divided by m.
31
Let q = 1017 - 935. Calculate the remainder when q is divided by 1/4 - (-261)/12.
16
Suppose -51*q + 170 = -46*q. Let z(m) = -m**3 + 4*m**2. Let f be z(3). Suppose f = c - q. Calculate the remainder when c is divided by 23.
20
Suppose -145 = y + 4*y. Let b = y + 43. Suppose 0*c - b = -c. Calculate the remainder when c is divided by 4.
2
Let x(y) = -y**2 - 28*y + 213. Calculate the remainder when 98 is divided by x(-34).
8
Suppose 2*n - 128 = 2*l, -2*n + 116 = -3*l + 4*l. Let j = n + -91. Let m = j + 43. What is the remainder when 22 is divided by m?
10
Suppose -8*w = -0*w - 896. Suppose -2*v + 2*y + 26 = -46, -w = -3*v + 4*y. What is the remainder when v is divided by 13?
6
Let u = -32 - -32. Suppose u = -5*t + t - v + 309, 5*v = 5. Let l(q) = q**3 + 7*q**2 + 6*q + 2. Calculate the remainder when t is divided by l(-4).
25
Let q = 16 - -51. Calculate the remainder when q is divided by 36.
31
Let v(q) = -108*q**3 - q**2 + q + 1. Let j be v(-1). Let r = 3 + j. Calculate the remainder when r is divided by 37.
36
Suppose 9*y + 158 = 1283. What is the remainder when y is divided by 23?
10
Suppose -5*k = -3*g - 1189, 0 = 4*k + 3*g - 1061 + 99. What is the remainder when k is divided by 20?
19
Suppose 25*t - 4600 = 12875. What is the remainder when t is divided by 10?
9
Let h = -230 - -273. Calculate the remainder when 428 is divided by h.
41
Let a = -8 + 8. Suppose a = -r + 2*r - 51. Calculate the remainder when r is divided by 27.
24
Let k = 89 + -60. Suppose 5*f = -k + 184. Calculate the remainder when f is divided by 12.
7
Suppose -5*y + 607 = 5*l - 223, -2*l = 5*y - 329. Suppose -2*m + 3*k = -91, -5*k = 4*m - 8*k - l. Calculate the remainder when m is divided by 8.
6
Suppose -5*c + 0*c = -j - 121, -5 = 5*j. Let p(d) = 2*d**3 - 3*d**2 - 13*d - 17. What is the remainder when p(5) is divided by c?
21
Suppose -26*i + 1454 + 1874 = 0. Calculate the remainder when i is divided by 12.
8
Let x(r) = r**2 + r + 5. Let i be x(0). Suppose -i*l + 29 = -26. Suppose -5*q - a + 21 = 0, q + a = -3*a - l. Calculate the remainder when q is divided by 4.
1
Let i(x) = 2*x**3 - 24*x**2 + 2*x + 14. Let t be 2 + -15*(20/6 + -4). Calculate the remainder when 74 is divided by i(t).
36
Suppose -24*l + 27*l = 171. What is the remainder when 107 is divided by l?
50
Let k = 156 + -123. Suppose -5*r - 3*v = -62, v - 2 = -r + 3*v. Suppose 3*m = 37 - r. Calculate the remainder when k is divided by m.
6
Let h = -25 - -58. Suppose -36*v + h*v = -132. Suppose 4*t - 20 = 40. Calculate the remainder when v is divided by t.
14
Let q = 172 - 75. What is the remainder when q is divided by (50/8)/(0 + 5/20)?
22
Let q = 2310 + -2286. Calculate the remainder when 47 is divided by q.
23
Suppose 4*b = -4*o + 108, -o = -4*o + b + 81. What is the remainder when o is divided by 16?
11
Suppose 0 = 3*y - 2*s - 145, -7*y - 105 = -9*y + 3*s. Let b(c) = 8*c**3 - 1. Calculate the remainder when y is divided by b(1).
3
Let q = -26 - -40. Let o = -29 + 109. Suppose -132 = -4*z + o. Calculate the remainder when z is divided by q.
11
Let v = -104 - -212. What is the remainder when v is divided by 37?
34
Suppose -1405 = -10*t + 1685. Calculate the remainder when t is divided by 105.
99
Let h(r) = -5*r**2 - 136*r + 24. What is the remainder when h(-24) is divided by 10?
8
Let b = 2344 + -2284. What is the remainder when b is divided by (-2)/(-4) + 65/10?
4
Suppose -2*l + 73 = -z, -167 = -4*l - 2*z - 3*z. Calculate the remainder when l is divided by 34.
4
Let z(u) = u**3 + 5*u**2 - 6*u + 4. Let f be z(-6). Let i(p) = -p**3 + 7*p**2 - 7*p - 5. Calculate the remainder when 40 is divided by i(f).
10
Let h(k) = k**3 + 4*k**2 - 5*k + 3. Let y = -691 + 696. Calculate the remainder when y is divided by h(-5).
2
Suppose -2*l = -6*l. Suppose 4*y - 5*m = 34, 4*y = m + 26 - l. Suppose 0 = 2*c + d - y, -2*d = 2*c - 4*d - 6. Calculate the remainder when 8 is divided by c.
2
Suppose -6*m + 243 = 129. Calculate the remainder when 91 is divided by m.
15
Let u(l) = 67*l**3 + 3*l**2 - 3*l + 1. Let p(n) = -n**2 + 6*n + 28. Let j be p(-3). Calculate the remainder when u(j) is divided by 28.
12
Let m = 105 - 49. What is the remainder when m is divided by 15?
11
Suppose 17*j - 1357 + 48 = 0. Calculate the remainder when j is divided by 17.
9
Calculate the remainder when 155 is divided by (-4403)/(-85) + 24/20.
49
Let f = 117 - 77. Let h be f*12/15*-1. Let d = 43 + h. Calculate the remainder when d is divided by 3.
2
Let c = -5 + 10. Suppose 3*f + 2*f - 90 = 0. Suppose -j - f = -2*j. What is the remainder when j is divided by c?
3
Let d = -6 - 1. Calculate the remainder when 77 is divided by (14/d)/((-3)/30).
17
Let l(d) = 18*d + 201. Suppose -2*w + 67 = 25. Calculate the remainder when l(-9) is divided by w.
18
Suppose q - 80 = -7*q. Let m(c) = -c**2 + 11*c + 19. Calculate the remainder when m(q) is divided by 2/(-5) - (-104)/10.
9
Suppose -93*t + 200 = -73*t. Let f = 56 - 21. Calculate the remainder when f is divided by t.
5
Suppose 5*r - 5*x = 5 - 25, -10 = 2*r - 4*x. Calculate the remainder when (r + 0 + 50)*1 is divided by -12*((-2)/8)/((-6)/(-24)).
11
Suppose x - 3*q = 85, -3*q - q = -3*x + 230. Let c(j) = -23*j + 173. Calculate the remainder when x is divided by c(7).
10
Suppose -6*x + 2265 - 2211 = 0. Calculate the remainder when 187 is divided by x.
7
Let s(u) = -u**3 - 4*u**2 - 4*u - 3. Let m be s(-3). Let r(p) = p**3 + p + 3. Suppose -35 = -l - 4*l. Calculate the remainder when l is divided by r(m).
1
Let t(b) = 2*b + 31. Let k be t(-17). Let z(g) = g**3 + 9*g**2 + 8*g + 7. Let u be z(-8). Let m = k + u. What is the remainder when 6 is divided by m?
2
Let m = -38 - -69. What is the remainder when 0*(-3)/(-12) - m*-2 is divided by 16?
14
Let w = 182 - -42. Suppose 221*l + 234 = w*l. Calculate the remainder when l is divided by 1 - (-19)/2*2.
18
Suppose 57*n - 68*n = -220. Calculate the remainder when 78 is divided by n.
18
Suppose -30 = -2*r + 34. Suppose -l - 4 = 3*l, 0 = 2*f + 2*l - r. What is the remainder when 31 is divided by f?
14
Let m = -11 - -77. What is the remainder when 115 is divided by m?
49
Let b(q) = 2*q**3 + 9*q**2 - 6*q - 9. What is the remainder when 58 is divided by b(-4)?
27
Let u = -73 - -83. Suppose -6 - 14 = -2*d + h, d = -4*h + u. Calculate the remainder when 28 is divided by d.
8
Let h(p) = -p**2 + 12*p + 27. Let i be h(14). What is the remainder when (-58*(-35)/20)/(i/(-2)) is divided by 34?
33
Let x(v) = -14*v**2 + 147*v - 31. Suppose 0 = -2*q + 7*q - 2*o - 107, -43 = -2*q + o. What is the remainder when x(10) is divided by q?
18
Let o = 883 + -865. What is the remainder when 48 is divided by o?
12
Suppose 2*z + 0*r + 2*r - 98 = 0, -5*z + 225 = -5*r. What is the remainder when z is divided by 19?
9
Let b be (-4)/(-6)*(-60)/(-4). Let d = b + 3. What is the remainder when d is divided by 7?
6
Suppose 17 = -u + 26. Suppose -4*z - 215 = -u*z. What is the remainder when z is divided by 11?
10
Let h(u) = 3*u**2 - 7*u + 8. Suppose -3*b = 6 - 18. What is the remainder when h(3) is divided by b?
2
Suppose -9 = 5*q - 29. Let t be (2/2)/1*q. Suppose -t